{"id":4048,"date":"2026-03-09T16:14:35","date_gmt":"2026-03-09T16:14:35","guid":{"rendered":"https:\/\/kliimakoda.ee\/pood\/?post_type=product&#038;p=4048"},"modified":"2026-04-19T05:35:44","modified_gmt":"2026-04-19T05:35:44","slug":"midea-raynor-nordic-ex-12re1n-i-exh-12re1n-o","status":"publish","type":"product","link":"https:\/\/kliimakoda.ee\/pood\/toode\/midea-raynor-nordic-ex-12re1n-i-exh-12re1n-o\/","title":{"rendered":"UUS TOODE!Midea Raynor Nordic EX-12RE1N-I\/EXH-12RE1N-O"},"content":{"rendered":"<h2 class=\"technical-info-title\">Tehnilised andmed<\/h2>\n<div class=\"technical-info-table\">\n<table class=\"table\">\n<thead>\n<tr>\n<th>Tootja<\/th>\n<th>Midea<\/th>\n<\/tr>\n<tr>\n<th>Mudel<\/th>\n<th>Raynor Nordic 12<\/th>\n<\/tr>\n<tr>\n<th><span class=\"table-title\">K\u00f6etav pind<\/span><\/th>\n<th><span class=\"product-name\">kuni 80 m\u00b2<\/span><\/th>\n<\/tr>\n<tr>\n<th><span class=\"table-title\">Jahutatav pind<\/span><\/th>\n<th><span class=\"product-name\">kuni 60 m2<\/span><\/th>\n<\/tr>\n<\/thead>\n<tbody>\n<tr>\n<td>Tootekood<\/td>\n<td>EX-12RE1N-I + EXH-12RE1N-O<\/td>\n<\/tr>\n<tr>\n<td>K\u00fcttev\u00f5imsus (Min.\/Nom.\/Max.)<\/td>\n<td>1.0\/4.2\/8.0 kW<\/td>\n<\/tr>\n<tr>\n<td>Jahutusv\u00f5imsus (Min.\/Nom.\/Max.)<\/td>\n<td>1.1\/3.5\/5.1 kW<\/td>\n<\/tr>\n<tr>\n<td>Toote t\u00fc\u00fcp<\/td>\n<td>\u00d5hksoojuspump<\/td>\n<\/tr>\n<tr>\n<td>Energiaklass<\/td>\n<td>A+++<\/td>\n<\/tr>\n<tr>\n<td>Garantii<\/td>\n<td>2 aastat<\/td>\n<\/tr>\n<tr>\n<td>WiFi nutikas kaugjuhtimine<\/td>\n<td>Jah<\/td>\n<\/tr>\n<tr>\n<td>T\u00f6\u00f6piir (Jahutus)<\/td>\n<td>-15 ~ 50 \u00b0C<\/td>\n<\/tr>\n<tr>\n<td>T\u00f6\u00f6piir (K\u00fcte)<\/td>\n<td>-40 ~ 24 \u00b0C<\/td>\n<\/tr>\n<tr>\n<td>K\u00fclmaaine<\/td>\n<td>R32<\/td>\n<\/tr>\n<tr>\n<td>Torustiku m\u00f5\u00f5t (Vedel\/Gaas)<\/td>\n<td>6.35\/9.52 mm<\/td>\n<\/tr>\n<tr>\n<td>Maksimaalne k\u00f5rguste vahe<\/td>\n<td>10 m<\/td>\n<\/tr>\n<tr>\n<td>Maksimaalne trassi pikkus<\/td>\n<td>25 m<\/td>\n<\/tr>\n<tr>\n<td>Toitepinge<\/td>\n<td>220-240\/1\/50 V\/Ph\/Hz<\/td>\n<\/tr>\n<tr>\n<td>Kaitseautomaat<\/td>\n<td>14 A<\/td>\n<\/tr>\n<tr>\n<td>SCOP (Soe\/kesk.\/k\u00fclm kliima)<\/td>\n<td>5.1<\/td>\n<\/tr>\n<tr>\n<td class=\"row-subheader\" colspan=\"2\">Siseosa<\/td>\n<\/tr>\n<tr>\n<td>Siseosa kaal<\/td>\n<td>9.8 kg<\/td>\n<\/tr>\n<tr>\n<td>Siseosa m\u00f5\u00f5dud (laius x k\u00f5rgus x s\u00fcgavus)<\/td>\n<td>876x309x194 mm<\/td>\n<\/tr>\n<tr>\n<td>M\u00fcratase siseseade<\/td>\n<td>19\/22\/32\/40\/45 dB(A)<\/td>\n<\/tr>\n<tr>\n<td class=\"row-subheader\" colspan=\"2\">V\u00e4lisosa<\/td>\n<\/tr>\n<tr>\n<td>V\u00e4lisosa kaal<\/td>\n<td>43.5 kg<\/td>\n<\/tr>\n<tr>\n<td>V\u00e4lisosa m\u00f5\u00f5dud (laius x k\u00f5rgus x s\u00fcgavus)<\/td>\n<td>890x673x342 mm<\/td>\n<\/tr>\n<tr>\n<td>M\u00fcratase v\u00e4lisosa<\/td>\n<td>56 dB(A)<\/td>\n<\/tr>\n<\/tbody>\n<\/table>\n<\/div>\n","protected":false},"excerpt":{"rendered":"<div class=\"col-6 o_colored_level pb0\">\n<p>\u00a0Raynor on varustatud uusima <strong>AI EcoMaster funktsiooniga<\/strong>, mis kasutab \u00fcliv\u00f5imsat tehisintellekti algoritmi, et tagada tippklassi energiat\u00f5hususe juhtimine isegi ilma interneti\u00fchenduseta. Funktsioon v\u00f5imaldab energia s\u00e4\u00e4stmist \u00fcle 30%.<\/p>\n<p>T\u00f6\u00f6tab k\u00fcttere\u017eiimis kuni -40 \u00b0C<br \/>\nSiseosa ventilaatori keraamilised kuullaagrid<br \/>\nK\u00f5rge 56\u00b0C temperatuuriga siseosa soojusvaheti steriliseerimine<\/p>\n<\/div>\n<div class=\"col-6 o_colored_level pb0\">\n<p>*K\u00fcttev\u00f5imsus -7 \u00b0C juures 5.5 kW<br \/>\n*K\u00fcttev\u00f5imsus -25 \u00b0C juures 4.6 kW<br \/>\n*K\u00fcttev\u00f5imsus -35 \u00b0C juures 3.2 kW<br \/>\n*+8 energias\u00e4\u00e4stu re\u017eiim<br \/>\n*WiFi kontroller standardvarustuses<\/p>\n<div class=\"meta-item\">\n<div class=\"meta-icon\"><img decoding=\"async\" src=\"https:\/\/citykliima.ee\/assets\/images\/highlight-icons\/47.svg\" alt=\"\" \/><\/div>\n<div class=\"meta-content\">\n<div class=\"meta-label\">K\u00fcttev\u00f5imsus (Min.\/Nom.\/Max.)<\/div>\n<div class=\"meta-data\">1.0\/4.2\/8.0 kW<\/div>\n<\/div>\n<\/div>\n<div class=\"meta-item\">\n<div class=\"meta-icon\"><\/div>\n<div class=\"meta-content\">\n<div class=\"meta-label\">K\u00f6etav pind<\/div>\n<div class=\"meta-data\">kuni 80 m\u00b2<\/div>\n<\/div>\n<\/div>\n<div class=\"meta-item\">\n<div class=\"meta-icon\"><img decoding=\"async\" src=\"https:\/\/citykliima.ee\/assets\/images\/highlight-icons\/4.svg\" alt=\"\" \/><\/div>\n<div class=\"meta-content\">\n<div class=\"meta-label\">Energiaklass<\/div>\n<div class=\"meta-data\">A+++<\/div>\n<\/div>\n<\/div>\n<div class=\"meta-item\">\n<div class=\"meta-icon\"><\/div>\n<div class=\"meta-content\">\n<div class=\"meta-label\">Garantii<\/div>\n<div class=\"meta-data\">2 aastat<\/div>\n<\/div>\n<\/div>\n<div class=\"meta-item\">\n<div class=\"meta-icon\"><\/div>\n<div class=\"meta-content\">\n<div class=\"meta-label\">K\u00fclmaaine<\/div>\n<div class=\"meta-data\">R32<\/div>\n<\/div>\n<\/div>\n<\/div>\n<h3><\/h3>\n","protected":false},"featured_media":4049,"template":"","meta":{"ocean_post_layout":"","ocean_both_sidebars_style":"","ocean_both_sidebars_content_width":0,"ocean_both_sidebars_sidebars_width":0,"ocean_sidebar":"0","ocean_second_sidebar":"0","ocean_disable_margins":"enable","ocean_add_body_class":"","ocean_shortcode_before_top_bar":"","ocean_shortcode_after_top_bar":"","ocean_shortcode_before_header":"","ocean_shortcode_after_header":"","ocean_has_shortcode":"","ocean_shortcode_after_title":"","ocean_shortcode_before_footer_widgets":"","ocean_shortcode_after_footer_widgets":"","ocean_shortcode_before_footer_bottom":"","ocean_shortcode_after_footer_bottom":"","ocean_display_top_bar":"default","ocean_display_header":"default","ocean_header_style":"","ocean_center_header_left_menu":"0","ocean_custom_header_template":"0","ocean_custom_logo":0,"ocean_custom_retina_logo":0,"ocean_custom_logo_max_width":0,"ocean_custom_logo_tablet_max_width":0,"ocean_custom_logo_mobile_max_width":0,"ocean_custom_logo_max_height":0,"ocean_custom_logo_tablet_max_height":0,"ocean_custom_logo_mobile_max_height":0,"ocean_header_custom_menu":"0","ocean_menu_typo_font_family":"0","ocean_menu_typo_font_subset":"","ocean_menu_typo_font_size":0,"ocean_menu_typo_font_size_tablet":0,"ocean_menu_typo_font_size_mobile":0,"ocean_menu_typo_font_size_unit":"px","ocean_menu_typo_font_weight":"","ocean_menu_typo_font_weight_tablet":"","ocean_menu_typo_font_weight_mobile":"","ocean_menu_typo_transform":"","ocean_menu_typo_transform_tablet":"","ocean_menu_typo_transform_mobile":"","ocean_menu_typo_line_height":0,"ocean_menu_typo_line_height_tablet":0,"ocean_menu_typo_line_height_mobile":0,"ocean_menu_typo_line_height_unit":"","ocean_menu_typo_spacing":0,"ocean_menu_typo_spacing_tablet":0,"ocean_menu_typo_spacing_mobile":0,"ocean_menu_typo_spacing_unit":"","ocean_menu_link_color":"","ocean_menu_link_color_hover":"","ocean_menu_link_color_active":"","ocean_menu_link_background":"","ocean_menu_link_hover_background":"","ocean_menu_link_active_background":"","ocean_menu_social_links_bg":"","ocean_menu_social_hover_links_bg":"","ocean_menu_social_links_color":"","ocean_menu_social_hover_links_color":"","ocean_disable_title":"default","ocean_disable_heading":"default","ocean_post_title":"","ocean_post_subheading":"","ocean_post_title_style":"","ocean_post_title_background_color":"","ocean_post_title_background":0,"ocean_post_title_bg_image_position":"","ocean_post_title_bg_image_attachment":"","ocean_post_title_bg_image_repeat":"","ocean_post_title_bg_image_size":"","ocean_post_title_height":0,"ocean_post_title_bg_overlay":0.5,"ocean_post_title_bg_overlay_color":"","ocean_disable_breadcrumbs":"default","ocean_breadcrumbs_color":"","ocean_breadcrumbs_separator_color":"","ocean_breadcrumbs_links_color":"","ocean_breadcrumbs_links_hover_color":"","ocean_display_footer_widgets":"default","ocean_display_footer_bottom":"default","ocean_custom_footer_template":"0"},"product_brand":[],"product_cat":[62,97],"product_tag":[],"class_list":{"0":"post-4048","1":"product","2":"type-product","3":"status-publish","4":"has-post-thumbnail","6":"product_cat-ohksoojuspumbad","7":"product_cat-ohksoojuspumbad-midea","9":"entry","10":"has-media","12":"first","13":"instock","14":"taxable","15":"shipping-taxable","16":"purchasable","17":"product-type-simple","18":"has-product-nav","19":"col","20":"span_1_of_4","21":"owp-content-center","22":"owp-thumbs-layout-horizontal","23":"owp-btn-normal","24":"owp-tabs-layout-horizontal"},"_links":{"self":[{"href":"https:\/\/kliimakoda.ee\/pood\/wp-json\/wp\/v2\/product\/4048","targetHints":{"allow":["GET"]}}],"collection":[{"href":"https:\/\/kliimakoda.ee\/pood\/wp-json\/wp\/v2\/product"}],"about":[{"href":"https:\/\/kliimakoda.ee\/pood\/wp-json\/wp\/v2\/types\/product"}],"wp:featuredmedia":[{"embeddable":true,"href":"https:\/\/kliimakoda.ee\/pood\/wp-json\/wp\/v2\/media\/4049"}],"wp:attachment":[{"href":"https:\/\/kliimakoda.ee\/pood\/wp-json\/wp\/v2\/media?parent=4048"}],"wp:term":[{"taxonomy":"product_brand","embeddable":true,"href":"https:\/\/kliimakoda.ee\/pood\/wp-json\/wp\/v2\/product_brand?post=4048"},{"taxonomy":"product_cat","embeddable":true,"href":"https:\/\/kliimakoda.ee\/pood\/wp-json\/wp\/v2\/product_cat?post=4048"},{"taxonomy":"product_tag","embeddable":true,"href":"https:\/\/kliimakoda.ee\/pood\/wp-json\/wp\/v2\/product_tag?post=4048"}],"curies":[{"name":"wp","href":"https:\/\/api.w.org\/{rel}","templated":true}]}}