{"id":3407,"date":"2023-11-23T11:03:33","date_gmt":"2023-11-23T11:03:33","guid":{"rendered":"https:\/\/kliimakoda.ee\/pood\/?post_type=product&#038;p=3407"},"modified":"2026-01-28T13:12:56","modified_gmt":"2026-01-28T13:12:56","slug":"ohk-vesi-soojuspump-optimus-pro-mono-hop22wmono3-22kw","status":"publish","type":"product","link":"https:\/\/kliimakoda.ee\/pood\/toode\/ohk-vesi-soojuspump-optimus-pro-mono-hop22wmono3-22kw\/","title":{"rendered":"\u00d5hk-vesi soojuspump OPTIMUS PRO Mono HOP22WMONO3 22kw"},"content":{"rendered":"<h1 class=\"product_title entry-title\">\u00d5hk-vesi soojuspump OPTIMUS PRO Mono<\/h1>\n<div class=\"description woocommerce-product-details__short-description\">\n<p>N\u00d8RDIS Optimus Pro monoblokid on suure kasuteguriga madala energiatarbega \u00f5hk-vesi soojuspumbad.<\/p>\n<p>Kogu k\u00fcttes\u00fcsteem on paigutatud \u00fchte universaalsesse s\u00f5lme, mis paigaldatakse \u00f5ue, mist\u00f5ttu on see ideaalne kodudesse, kus puuduvad abiruumid t\u00e4iendavate soojuspumbaseadmete jaoks.\u00a0Seadmed paigaldatakse lihtsalt ja kiiresti.<\/p>\n<p>N\u00d8RDIS Optimus Pro monoplokid sobivad ideaalselt kokku k\u00f5igi teiste teie koju juba paigaldatud k\u00fctte- v\u00f5i soojavees\u00fcsteemidega.\u00a0Seadmed tagavad madala energiatarbimise, k\u00f5rge energiaklassi ning suurep\u00e4rase k\u00fctte- ja jahutusv\u00f5ime.<\/p>\n<ul>\n<li>T\u00f6\u00f6tab k\u00fcttere\u017eiimil, kui v\u00e4listemperatuur langeb -25 \u00b0C-ni.<\/li>\n<li>Sooja vee pumba funktsiooni kasutatakse veetoru v\u00f5rgus oleva vee tagastamiseks kuumaveepaaki vastavalt seadistatud taimeriga.<\/li>\n<li>Soojuspumbad vastavad k\u00f5rgeimale A+++ energiat\u00f5hususe klassile.<\/li>\n<li>\u00c4\u00e4rmiselt vaikne \u2013 kaks vaikset re\u017eiimi.<\/li>\n<li>R32 \u2013 \u00f6koloogiline k\u00fclmutusagens.<\/li>\n<li>Kahe rootoriga inverterkompressor alalisvoolumagnetitega.<\/li>\n<li>Moodne puutetundlik juhtpaneel.<\/li>\n<li>Integreeritud WiFi moodul seadme juhtimiseks l\u00e4bi nutitelefoni.<\/li>\n<li>Ilma temperatuurik\u00f5vera funktsiooni abil muutub vee temperatuur automaatselt v\u00e4lis\u00f5hu temperatuuri muutudes.<\/li>\n<\/ul>\n<p><img loading=\"lazy\" decoding=\"async\" class=\"alignnone  wp-image-4028\" src=\"https:\/\/kliimakoda.ee\/pood\/wp-content\/uploads\/2023\/11\/Screenshot-2026-01-28-151133-300x158.png\" alt=\"\" width=\"752\" height=\"396\" srcset=\"https:\/\/kliimakoda.ee\/pood\/wp-content\/uploads\/2023\/11\/Screenshot-2026-01-28-151133-300x158.png 300w, https:\/\/kliimakoda.ee\/pood\/wp-content\/uploads\/2023\/11\/Screenshot-2026-01-28-151133-1024x539.png 1024w, https:\/\/kliimakoda.ee\/pood\/wp-content\/uploads\/2023\/11\/Screenshot-2026-01-28-151133-768x404.png 768w, https:\/\/kliimakoda.ee\/pood\/wp-content\/uploads\/2023\/11\/Screenshot-2026-01-28-151133-500x263.png 500w, https:\/\/kliimakoda.ee\/pood\/wp-content\/uploads\/2023\/11\/Screenshot-2026-01-28-151133.png 1519w\" sizes=\"auto, (max-width: 752px) 100vw, 752px\" \/><\/p>\n<\/div>\n","protected":false},"excerpt":{"rendered":"<p>* Energiat\u00f5hususe klass A+++<br \/>\n* Keskkonnas\u00f5bralik k\u00fclmutusagens R32<br \/>\n* \u00dcmbritseva \u00f5hu temperatuur kuni -25\u00b0C<br \/>\n* \u00c4\u00e4rmiselt vaikne \u2013 kaks vaikset re\u017eiimi<br \/>\n* Moodne puutetundliku disainiga juhtmega kontroller<br \/>\n* WiFi moodul seadme juhtimiseks nutiseadme kaudu<br \/>\n* Mitsubishi Electric topelt p\u00f6\u00f6rlev kompressor<br \/>\n* Wilo v\u00f5i Shimge tsirkulatsioonipump, Alfa Laval plaatsoojusvaheti<br \/>\n* Pealevooluvee temperatuur kuni +65\u00b0C<\/p>\n","protected":false},"featured_media":3395,"template":"","meta":{"ocean_post_layout":"","ocean_both_sidebars_style":"","ocean_both_sidebars_content_width":0,"ocean_both_sidebars_sidebars_width":0,"ocean_sidebar":"0","ocean_second_sidebar":"0","ocean_disable_margins":"enable","ocean_add_body_class":"","ocean_shortcode_before_top_bar":"","ocean_shortcode_after_top_bar":"","ocean_shortcode_before_header":"","ocean_shortcode_after_header":"","ocean_has_shortcode":"","ocean_shortcode_after_title":"","ocean_shortcode_before_footer_widgets":"","ocean_shortcode_after_footer_widgets":"","ocean_shortcode_before_footer_bottom":"","ocean_shortcode_after_footer_bottom":"","ocean_display_top_bar":"default","ocean_display_header":"default","ocean_header_style":"","ocean_center_header_left_menu":"0","ocean_custom_header_template":"0","ocean_custom_logo":0,"ocean_custom_retina_logo":0,"ocean_custom_logo_max_width":0,"ocean_custom_logo_tablet_max_width":0,"ocean_custom_logo_mobile_max_width":0,"ocean_custom_logo_max_height":0,"ocean_custom_logo_tablet_max_height":0,"ocean_custom_logo_mobile_max_height":0,"ocean_header_custom_menu":"0","ocean_menu_typo_font_family":"0","ocean_menu_typo_font_subset":"","ocean_menu_typo_font_size":0,"ocean_menu_typo_font_size_tablet":0,"ocean_menu_typo_font_size_mobile":0,"ocean_menu_typo_font_size_unit":"px","ocean_menu_typo_font_weight":"","ocean_menu_typo_font_weight_tablet":"","ocean_menu_typo_font_weight_mobile":"","ocean_menu_typo_transform":"","ocean_menu_typo_transform_tablet":"","ocean_menu_typo_transform_mobile":"","ocean_menu_typo_line_height":0,"ocean_menu_typo_line_height_tablet":0,"ocean_menu_typo_line_height_mobile":0,"ocean_menu_typo_line_height_unit":"","ocean_menu_typo_spacing":0,"ocean_menu_typo_spacing_tablet":0,"ocean_menu_typo_spacing_mobile":0,"ocean_menu_typo_spacing_unit":"","ocean_menu_link_color":"","ocean_menu_link_color_hover":"","ocean_menu_link_color_active":"","ocean_menu_link_background":"","ocean_menu_link_hover_background":"","ocean_menu_link_active_background":"","ocean_menu_social_links_bg":"","ocean_menu_social_hover_links_bg":"","ocean_menu_social_links_color":"","ocean_menu_social_hover_links_color":"","ocean_disable_title":"default","ocean_disable_heading":"default","ocean_post_title":"","ocean_post_subheading":"","ocean_post_title_style":"","ocean_post_title_background_color":"","ocean_post_title_background":0,"ocean_post_title_bg_image_position":"","ocean_post_title_bg_image_attachment":"","ocean_post_title_bg_image_repeat":"","ocean_post_title_bg_image_size":"","ocean_post_title_height":0,"ocean_post_title_bg_overlay":0.5,"ocean_post_title_bg_overlay_color":"","ocean_disable_breadcrumbs":"default","ocean_breadcrumbs_color":"","ocean_breadcrumbs_separator_color":"","ocean_breadcrumbs_links_color":"","ocean_breadcrumbs_links_hover_color":"","ocean_display_footer_widgets":"default","ocean_display_footer_bottom":"default","ocean_custom_footer_template":"0"},"product_brand":[],"product_cat":[242,101],"product_tag":[],"class_list":{"0":"post-3407","1":"product","2":"type-product","3":"status-publish","4":"has-post-thumbnail","6":"product_cat-ohk-vesi-nordis-optimus-pro-mono","7":"product_cat-ohk-vesi-soojuspumbad","9":"entry","10":"has-media","12":"first","13":"instock","14":"sale","15":"taxable","16":"shipping-taxable","17":"purchasable","18":"product-type-simple","19":"has-product-nav","20":"col","21":"span_1_of_4","22":"owp-content-center","23":"owp-thumbs-layout-horizontal","24":"owp-btn-normal","25":"owp-tabs-layout-horizontal","26":"has-no-thumbnails"},"_links":{"self":[{"href":"https:\/\/kliimakoda.ee\/pood\/wp-json\/wp\/v2\/product\/3407","targetHints":{"allow":["GET"]}}],"collection":[{"href":"https:\/\/kliimakoda.ee\/pood\/wp-json\/wp\/v2\/product"}],"about":[{"href":"https:\/\/kliimakoda.ee\/pood\/wp-json\/wp\/v2\/types\/product"}],"wp:featuredmedia":[{"embeddable":true,"href":"https:\/\/kliimakoda.ee\/pood\/wp-json\/wp\/v2\/media\/3395"}],"wp:attachment":[{"href":"https:\/\/kliimakoda.ee\/pood\/wp-json\/wp\/v2\/media?parent=3407"}],"wp:term":[{"taxonomy":"product_brand","embeddable":true,"href":"https:\/\/kliimakoda.ee\/pood\/wp-json\/wp\/v2\/product_brand?post=3407"},{"taxonomy":"product_cat","embeddable":true,"href":"https:\/\/kliimakoda.ee\/pood\/wp-json\/wp\/v2\/product_cat?post=3407"},{"taxonomy":"product_tag","embeddable":true,"href":"https:\/\/kliimakoda.ee\/pood\/wp-json\/wp\/v2\/product_tag?post=3407"}],"curies":[{"name":"wp","href":"https:\/\/api.w.org\/{rel}","templated":true}]}}