{"id":1593,"date":"2020-08-30T18:57:11","date_gmt":"2020-08-30T18:57:11","guid":{"rendered":"https:\/\/kliimakoda.ee\/pood\/toode\/import-placeholder-for-9572\/"},"modified":"2023-04-05T11:25:50","modified_gmt":"2023-04-05T11:25:50","slug":"alusplaat-kiviplaat-kb2","status":"publish","type":"product","link":"https:\/\/kliimakoda.ee\/pood\/toode\/alusplaat-kiviplaat-kb2\/","title":{"rendered":"Alusplaat: Kiviplaat KB2"},"content":{"rendered":"<p>Soojuspumpade maaraamid vajavad paigaldamiseks kindlat alust. \u00dcks v\u00f5imalus selleks on kasutada 700 \u00d7 1100 betoonplaati. Antud plaat on v\u00e4ga kvaliteetne ja kaetud kivipuruga, mis annab sellele parema sobivuse erinevatesse keskkondadesse.<\/p>\n<div class=\"row\">\n<div class=\"col-12 tech-header\">TOOTE MATERJAL<\/div>\n<\/div>\n<div class=\"row tech-prop stripe\">\n<div class=\"col-7\">Toote materjal Betoon<\/div>\n<\/div>\n<div class=\"row\">\n<div class=\"col-12 tech-header\"><\/div>\n<\/div>\n<div class=\"row tech-prop stripe\">\n<div class=\"col-7\">Seadme v\u00e4rvus Hallikas<\/div>\n<\/div>\n<div class=\"row\">\n<div class=\"col-12 tech-header\">M\u00d5\u00d5DUD<\/div>\n<\/div>\n<div class=\"row tech-prop stripe\">\n<div class=\"col-7\">M\u00f5\u00f5dud<\/div>\n<div class=\"col-5\">700 \u00d7 1100 \u00d7 50<\/div>\n<div><\/div>\n<\/div>\n<div class=\"row\">\n<div class=\"col-12 tech-header\">KAAL<\/div>\n<div>Netokaal kg<\/div>\n<\/div>\n<div class=\"row tech-prop stripe\">\n<div class=\"col-5\">94<\/div>\n<div><\/div>\n<\/div>\n<div class=\"row\">\n<div class=\"col-12 tech-header\">\u00dcLDISED ANDMED<\/div>\n<\/div>\n<div class=\"row tech-prop stripe\">\n<div class=\"col-7\">Pretensiooni esitamise \u00f5igus<\/div>\n<div class=\"col-5\">2 aastat.<\/div>\n<\/div>\n","protected":false},"excerpt":{"rendered":"<div class=\"row col-12 no-gutters p-0\">\n<div class=\"card\">\n<div class=\"row\">\n<div class=\"info\">\n<div class=\"article\">\n<div class=\"_text\">\n<p>Soojuspumpade maaraamid vajavad paigaldamiseks kindlat alust.<br \/>\n\u00dcks v\u00f5imalus selleks on kasutada 700 \u00d7 1100 betoonplaati.<br \/>\nAntud plaat on v\u00e4ga kvaliteetne ja kaetud kivipuruga, mis annab sellele parema sobivuse erinevatesse keskkondadesse.<\/p>\n<p>NB! Transporti ei paku, kivile kohapeale j\u00e4reletulemine.<\/p>\n<\/div>\n<\/div>\n<\/div>\n<\/div>\n<div><\/div>\n<\/div>\n<\/div>\n<div class=\"row col-12 no-gutters p-0\">\n<p>&nbsp;<\/p>\n<\/div>\n<p>&nbsp;<\/p>\n","protected":false},"featured_media":1626,"template":"","meta":{"ocean_post_layout":"","ocean_both_sidebars_style":"","ocean_both_sidebars_content_width":0,"ocean_both_sidebars_sidebars_width":0,"ocean_sidebar":"0","ocean_second_sidebar":"0","ocean_disable_margins":"enable","ocean_add_body_class":"","ocean_shortcode_before_top_bar":"","ocean_shortcode_after_top_bar":"","ocean_shortcode_before_header":"","ocean_shortcode_after_header":"","ocean_has_shortcode":"","ocean_shortcode_after_title":"","ocean_shortcode_before_footer_widgets":"","ocean_shortcode_after_footer_widgets":"","ocean_shortcode_before_footer_bottom":"","ocean_shortcode_after_footer_bottom":"","ocean_display_top_bar":"default","ocean_display_header":"default","ocean_header_style":"","ocean_center_header_left_menu":"0","ocean_custom_header_template":"0","ocean_custom_logo":0,"ocean_custom_retina_logo":0,"ocean_custom_logo_max_width":0,"ocean_custom_logo_tablet_max_width":0,"ocean_custom_logo_mobile_max_width":0,"ocean_custom_logo_max_height":0,"ocean_custom_logo_tablet_max_height":0,"ocean_custom_logo_mobile_max_height":0,"ocean_header_custom_menu":"0","ocean_menu_typo_font_family":"0","ocean_menu_typo_font_subset":"","ocean_menu_typo_font_size":0,"ocean_menu_typo_font_size_tablet":0,"ocean_menu_typo_font_size_mobile":0,"ocean_menu_typo_font_size_unit":"px","ocean_menu_typo_font_weight":"","ocean_menu_typo_font_weight_tablet":"","ocean_menu_typo_font_weight_mobile":"","ocean_menu_typo_transform":"","ocean_menu_typo_transform_tablet":"","ocean_menu_typo_transform_mobile":"","ocean_menu_typo_line_height":0,"ocean_menu_typo_line_height_tablet":0,"ocean_menu_typo_line_height_mobile":0,"ocean_menu_typo_line_height_unit":"","ocean_menu_typo_spacing":0,"ocean_menu_typo_spacing_tablet":0,"ocean_menu_typo_spacing_mobile":0,"ocean_menu_typo_spacing_unit":"","ocean_menu_link_color":"","ocean_menu_link_color_hover":"","ocean_menu_link_color_active":"","ocean_menu_link_background":"","ocean_menu_link_hover_background":"","ocean_menu_link_active_background":"","ocean_menu_social_links_bg":"","ocean_menu_social_hover_links_bg":"","ocean_menu_social_links_color":"","ocean_menu_social_hover_links_color":"","ocean_disable_title":"default","ocean_disable_heading":"default","ocean_post_title":"","ocean_post_subheading":"","ocean_post_title_style":"","ocean_post_title_background_color":"","ocean_post_title_background":0,"ocean_post_title_bg_image_position":"","ocean_post_title_bg_image_attachment":"","ocean_post_title_bg_image_repeat":"","ocean_post_title_bg_image_size":"","ocean_post_title_height":0,"ocean_post_title_bg_overlay":0.5,"ocean_post_title_bg_overlay_color":"","ocean_disable_breadcrumbs":"default","ocean_breadcrumbs_color":"","ocean_breadcrumbs_separator_color":"","ocean_breadcrumbs_links_color":"","ocean_breadcrumbs_links_hover_color":"","ocean_display_footer_widgets":"default","ocean_display_footer_bottom":"default","ocean_custom_footer_template":"0"},"product_brand":[],"product_cat":[109],"product_tag":[176,177,178],"class_list":{"0":"post-1593","1":"product","2":"type-product","3":"status-publish","4":"has-post-thumbnail","6":"product_cat-lisatarvikud","7":"product_tag-kondensaadipump","8":"product_tag-lisatarvikud","9":"product_tag-maaraam","11":"entry","12":"has-media","14":"first","15":"instock","16":"taxable","17":"shipping-taxable","18":"purchasable","19":"product-type-simple","20":"has-product-nav","21":"col","22":"span_1_of_4","23":"owp-content-center","24":"owp-thumbs-layout-horizontal","25":"owp-btn-normal","26":"owp-tabs-layout-horizontal","27":"has-no-thumbnails"},"_links":{"self":[{"href":"https:\/\/kliimakoda.ee\/pood\/wp-json\/wp\/v2\/product\/1593","targetHints":{"allow":["GET"]}}],"collection":[{"href":"https:\/\/kliimakoda.ee\/pood\/wp-json\/wp\/v2\/product"}],"about":[{"href":"https:\/\/kliimakoda.ee\/pood\/wp-json\/wp\/v2\/types\/product"}],"wp:featuredmedia":[{"embeddable":true,"href":"https:\/\/kliimakoda.ee\/pood\/wp-json\/wp\/v2\/media\/1626"}],"wp:attachment":[{"href":"https:\/\/kliimakoda.ee\/pood\/wp-json\/wp\/v2\/media?parent=1593"}],"wp:term":[{"taxonomy":"product_brand","embeddable":true,"href":"https:\/\/kliimakoda.ee\/pood\/wp-json\/wp\/v2\/product_brand?post=1593"},{"taxonomy":"product_cat","embeddable":true,"href":"https:\/\/kliimakoda.ee\/pood\/wp-json\/wp\/v2\/product_cat?post=1593"},{"taxonomy":"product_tag","embeddable":true,"href":"https:\/\/kliimakoda.ee\/pood\/wp-json\/wp\/v2\/product_tag?post=1593"}],"curies":[{"name":"wp","href":"https:\/\/api.w.org\/{rel}","templated":true}]}}